{"id":1806,"date":"2016-04-07T11:50:17","date_gmt":"2016-04-07T16:50:17","guid":{"rendered":"http:\/\/teegro.gob.mx\/inicio\/?page_id=1806"},"modified":"2019-11-04T15:09:54","modified_gmt":"2019-11-04T21:09:54","slug":"administrativo","status":"publish","type":"page","link":"https:\/\/teegro.gob.mx\/sitio2025\/transparencia-2\/administrativo\/","title":{"rendered":"Administrativo"},"content":{"rendered":"<p><!-- VideographyWP Plugin Message: Automatic video embedding prevented by plugin options. --><\/p>\n<hr \/>\n<div class=\"list-group\">\n<p>&nbsp;<\/p>\n<p class=\"hvr-wobble-top\"><a class=\"list-group-item wow animated zoomIn\" href=\"http:\/\/teegro.gob.mx\/inicio\/wp-content\/uploads\/2016\/08\/organigrama2018.pdf\" target=\"_blank\" rel=\"noopener noreferrer\"><img decoding=\"async\" class=\"wp-image-1575 alignnone\" src=\"http:\/\/teegro.gob.mx\/inicio\/wp-content\/uploads\/2016\/04\/est-org.png\" alt=\"pdf\" width=\"33\" height=\"33\" \/> <strong>Estructura org\u00e1nica<\/strong><\/a><\/p>\n<p class=\"hvr-wobble-top\"><a class=\"list-group-item wow animated zoomIn\" href=\"http:\/\/teegro.gob.mx\/inicio\/wp-content\/uploads\/2019\/10\/directorioTEEGRO-oct2019.pdf\" target=\"_blank\" rel=\"noopener noreferrer\"><img decoding=\"async\" class=\"wp-image-1575 alignnone\" src=\"http:\/\/teegro.gob.mx\/inicio\/wp-content\/uploads\/2016\/04\/icono-directorio1.png\" alt=\"pdf\" width=\"33\" height=\"33\" \/> <strong>Directorio de los servidores<\/strong><\/a><\/p>\n<p class=\"hvr-wobble-top\"><a class=\"list-group-item wow animated zoomIn\" href=\"https:\/\/drive.google.com\/file\/d\/0B9BZHDMJieVcUG5XSUJLZlIzSU0\/view?usp=sharing\"><img decoding=\"async\" class=\"wp-image-1575 alignnone\" src=\"http:\/\/teegro.gob.mx\/inicio\/wp-content\/uploads\/2016\/04\/marco-normativo.png\" alt=\"pdf\" width=\"33\" height=\"33\" \/> <strong>Marco normativo<\/strong><\/a><\/p>\n<p class=\"hvr-wobble-top\"><a class=\"list-group-item wow animated zoomIn\" href=\"http:\/\/teegro.gob.mx\/inicio\/wp-content\/uploads\/2016\/04\/reuniones-de-trabajo.pdf\" target=\"_blank\" rel=\"noopener noreferrer\"><img decoding=\"async\" class=\"wp-image-1575 alignnone\" src=\"http:\/\/teegro.gob.mx\/inicio\/wp-content\/uploads\/2016\/04\/marco-normativo.png\" alt=\"pdf\" width=\"33\" height=\"33\" \/> <strong>Calendarizaci\u00f3n de reuniones<\/strong><\/a><\/p>\n<p class=\"hvr-wobble-top\"><a class=\"list-group-item wow animated zoomIn\" href=\"http:\/\/teegro.gob.mx\/sentencias\/consultas\/sentencias\/ano-2013\/acuerdos\/PLENO\/acuerdo%2009-06-2009.pdf\" target=\"_blank\" rel=\"noopener noreferrer\"><img loading=\"lazy\" decoding=\"async\" class=\"wp-image-1575 alignnone\" src=\"http:\/\/teegro.gob.mx\/inicio\/wp-content\/uploads\/2016\/04\/archivo-icono-5315-128.png\" alt=\"pdf\" width=\"33\" height=\"33\" \/> <strong>Instrumentos de consulta y control archiv\u00edstico<\/strong><\/a><\/p>\n<p><!--\n\n\n<p class=\"hvr-wobble-top\"><a class=\"list-group-item wow animated zoomIn\" href=\"http:\/\/teegro.gob.mx\/inicio\/programa-de-capacitacion\/\"><img loading=\"lazy\" decoding=\"async\" class=\"wp-image-1575 alignnone\" src=\"http:\/\/teegro.gob.mx\/inicio\/wp-content\/uploads\/2016\/04\/plan_de_estudios.png\" alt=\"pdf\" width=\"33\" height=\"33\" \/> <strong>Programa de capacitaci\u00f3n<\/strong><\/a><\/p>\n\n\n --><\/p>\n<\/div>\n","protected":false},"excerpt":{"rendered":"<p>&nbsp; Estructura org\u00e1nica Directorio de los servidores Marco normativo Calendarizaci\u00f3n de reuniones Instrumentos de consulta y control archiv\u00edstico<\/p>\n","protected":false},"author":1,"featured_media":0,"parent":1508,"menu_order":0,"comment_status":"closed","ping_status":"closed","template":"","meta":{"_acf_changed":false,"footnotes":""},"class_list":["post-1806","page","type-page","status-publish","hentry"],"acf":[],"_links":{"self":[{"href":"https:\/\/teegro.gob.mx\/sitio2025\/wp-json\/wp\/v2\/pages\/1806","targetHints":{"allow":["GET"]}}],"collection":[{"href":"https:\/\/teegro.gob.mx\/sitio2025\/wp-json\/wp\/v2\/pages"}],"about":[{"href":"https:\/\/teegro.gob.mx\/sitio2025\/wp-json\/wp\/v2\/types\/page"}],"author":[{"embeddable":true,"href":"https:\/\/teegro.gob.mx\/sitio2025\/wp-json\/wp\/v2\/users\/1"}],"replies":[{"embeddable":true,"href":"https:\/\/teegro.gob.mx\/sitio2025\/wp-json\/wp\/v2\/comments?post=1806"}],"version-history":[{"count":13,"href":"https:\/\/teegro.gob.mx\/sitio2025\/wp-json\/wp\/v2\/pages\/1806\/revisions"}],"predecessor-version":[{"id":8273,"href":"https:\/\/teegro.gob.mx\/sitio2025\/wp-json\/wp\/v2\/pages\/1806\/revisions\/8273"}],"up":[{"embeddable":true,"href":"https:\/\/teegro.gob.mx\/sitio2025\/wp-json\/wp\/v2\/pages\/1508"}],"wp:attachment":[{"href":"https:\/\/teegro.gob.mx\/sitio2025\/wp-json\/wp\/v2\/media?parent=1806"}],"curies":[{"name":"wp","href":"https:\/\/api.w.org\/{rel}","templated":true}]}}