{"id":18983,"date":"2025-10-08T14:46:23","date_gmt":"2025-10-08T20:46:23","guid":{"rendered":"https:\/\/teegro.gob.mx\/sitio2025\/?page_id=18983"},"modified":"2025-10-08T14:46:37","modified_gmt":"2025-10-08T20:46:37","slug":"defensoria-electoral","status":"publish","type":"page","link":"https:\/\/teegro.gob.mx\/sitio2025\/defensoria-electoral\/","title":{"rendered":"Defensor\u00eda Electoral"},"content":{"rendered":"\t\t<div data-elementor-type=\"wp-page\" data-elementor-id=\"18983\" class=\"elementor elementor-18983\">\n\t\t\t\t\t\t<section class=\"elementor-section elementor-top-section elementor-element elementor-element-08b2131 elementor-section-boxed elementor-section-height-default elementor-section-height-default\" data-id=\"08b2131\" data-element_type=\"section\">\n\t\t\t\t\t\t<div class=\"elementor-container elementor-column-gap-default\">\n\t\t\t\t\t<div class=\"elementor-column elementor-col-100 elementor-top-column elementor-element elementor-element-094ce20\" data-id=\"094ce20\" data-element_type=\"column\">\n\t\t\t<div class=\"elementor-widget-wrap elementor-element-populated\">\n\t\t\t\t\t\t<div class=\"elementor-element elementor-element-b6874e3 elementor-arrows-position-inside elementor-pagination-position-outside elementor-widget elementor-widget-image-carousel\" data-id=\"b6874e3\" data-element_type=\"widget\" data-settings=\"{&quot;slides_to_show&quot;:&quot;1&quot;,&quot;navigation&quot;:&quot;both&quot;,&quot;autoplay&quot;:&quot;yes&quot;,&quot;pause_on_hover&quot;:&quot;yes&quot;,&quot;pause_on_interaction&quot;:&quot;yes&quot;,&quot;autoplay_speed&quot;:5000,&quot;infinite&quot;:&quot;yes&quot;,&quot;effect&quot;:&quot;slide&quot;,&quot;speed&quot;:500}\" data-widget_type=\"image-carousel.default\">\n\t\t\t\t<div class=\"elementor-widget-container\">\n\t\t\t\t\t\t\t<div class=\"elementor-image-carousel-wrapper swiper\" role=\"region\" aria-roledescription=\"carousel\" aria-label=\"Carrusel de Im\u00e1genes\" dir=\"ltr\">\n\t\t\t<div class=\"elementor-image-carousel swiper-wrapper\" aria-live=\"off\">\n\t\t\t\t\t\t\t\t<div class=\"swiper-slide\" role=\"group\" aria-roledescription=\"slide\" aria-label=\"1 de 2\"><figure class=\"swiper-slide-inner\"><img decoding=\"async\" class=\"swiper-slide-image\" src=\"https:\/\/teegro.gob.mx\/sitio2025\/wp-content\/uploads\/2025\/10\/TF.jpg\" alt=\"TF\" \/><\/figure><\/div><div class=\"swiper-slide\" role=\"group\" aria-roledescription=\"slide\" aria-label=\"2 de 2\"><figure class=\"swiper-slide-inner\"><img decoding=\"async\" class=\"swiper-slide-image\" src=\"https:\/\/teegro.gob.mx\/sitio2025\/wp-content\/uploads\/2025\/10\/TR.jpg\" alt=\"TR\" \/><\/figure><\/div>\t\t\t<\/div>\n\t\t\t\t\t\t\t\t\t\t\t\t<div class=\"elementor-swiper-button elementor-swiper-button-prev\" role=\"button\" tabindex=\"0\">\n\t\t\t\t\t\t<i aria-hidden=\"true\" class=\"eicon-chevron-left\"><\/i>\t\t\t\t\t<\/div>\n\t\t\t\t\t<div class=\"elementor-swiper-button elementor-swiper-button-next\" role=\"button\" tabindex=\"0\">\n\t\t\t\t\t\t<i aria-hidden=\"true\" class=\"eicon-chevron-right\"><\/i>\t\t\t\t\t<\/div>\n\t\t\t\t\n\t\t\t\t\t\t\t\t\t<div class=\"swiper-pagination\"><\/div>\n\t\t\t\t\t\t\t\t\t<\/div>\n\t\t\t\t\t\t<\/div>\n\t\t\t\t<\/div>\n\t\t\t\t\t<\/div>\n\t\t<\/div>\n\t\t\t\t\t<\/div>\n\t\t<\/section>\n\t\t\t\t<section class=\"elementor-section elementor-top-section elementor-element elementor-element-aebd7da elementor-section-boxed elementor-section-height-default elementor-section-height-default\" data-id=\"aebd7da\" data-element_type=\"section\">\n\t\t\t\t\t\t<div class=\"elementor-container elementor-column-gap-default\">\n\t\t\t\t\t<div class=\"elementor-column elementor-col-50 elementor-top-column elementor-element elementor-element-9b3d034\" data-id=\"9b3d034\" data-element_type=\"column\">\n\t\t\t<div class=\"elementor-widget-wrap elementor-element-populated\">\n\t\t\t\t\t\t<div class=\"elementor-element elementor-element-36d2ca2 elementor-widget elementor-widget-image\" data-id=\"36d2ca2\" data-element_type=\"widget\" data-widget_type=\"image.default\">\n\t\t\t\t<div class=\"elementor-widget-container\">\n\t\t\t\t\t\t\t\t\t\t\t\t\t\t\t<img fetchpriority=\"high\" decoding=\"async\" width=\"245\" height=\"245\" src=\"https:\/\/teegro.gob.mx\/sitio2025\/wp-content\/uploads\/2025\/10\/VMG.png\" class=\"attachment-medium size-medium wp-image-18987\" alt=\"\" srcset=\"https:\/\/teegro.gob.mx\/sitio2025\/wp-content\/uploads\/2025\/10\/VMG.png 245w, https:\/\/teegro.gob.mx\/sitio2025\/wp-content\/uploads\/2025\/10\/VMG-150x150.png 150w\" sizes=\"(max-width: 245px) 100vw, 245px\" \/>\t\t\t\t\t\t\t\t\t\t\t\t\t\t\t<\/div>\n\t\t\t\t<\/div>\n\t\t\t\t<div class=\"elementor-element elementor-element-ca7afd6 elementor-widget elementor-widget-text-editor\" data-id=\"ca7afd6\" data-element_type=\"widget\" data-widget_type=\"text-editor.default\">\n\t\t\t\t<div class=\"elementor-widget-container\">\n\t\t\t\t\t\t\t\t\t<p style=\"text-align: center;\"><strong>Lic. Ver\u00f3nica Montoya Gardu\u00f1o<\/strong><\/p><p style=\"text-align: center;\">Titular de la Defensor\u00eda P\u00fablica Electoral en la Atenci\u00f3n de Asuntos de Violencia en Raz\u00f3n de G\u00e9nero.<\/p>\t\t\t\t\t\t\t\t<\/div>\n\t\t\t\t<\/div>\n\t\t\t\t\t<\/div>\n\t\t<\/div>\n\t\t\t\t<div class=\"elementor-column elementor-col-50 elementor-top-column elementor-element elementor-element-c251298\" data-id=\"c251298\" data-element_type=\"column\">\n\t\t\t<div class=\"elementor-widget-wrap elementor-element-populated\">\n\t\t\t\t\t\t<div class=\"elementor-element elementor-element-c0ad7a4 elementor-widget elementor-widget-image\" data-id=\"c0ad7a4\" data-element_type=\"widget\" data-widget_type=\"image.default\">\n\t\t\t\t<div class=\"elementor-widget-container\">\n\t\t\t\t\t\t\t\t\t\t\t\t\t\t\t<img decoding=\"async\" width=\"245\" height=\"245\" src=\"https:\/\/teegro.gob.mx\/sitio2025\/wp-content\/uploads\/2025\/10\/EGPC.png\" class=\"attachment-medium size-medium wp-image-18988\" alt=\"\" srcset=\"https:\/\/teegro.gob.mx\/sitio2025\/wp-content\/uploads\/2025\/10\/EGPC.png 245w, https:\/\/teegro.gob.mx\/sitio2025\/wp-content\/uploads\/2025\/10\/EGPC-150x150.png 150w\" sizes=\"(max-width: 245px) 100vw, 245px\" \/>\t\t\t\t\t\t\t\t\t\t\t\t\t\t\t<\/div>\n\t\t\t\t<\/div>\n\t\t\t\t<div class=\"elementor-element elementor-element-482012e elementor-widget elementor-widget-text-editor\" data-id=\"482012e\" data-element_type=\"widget\" data-widget_type=\"text-editor.default\">\n\t\t\t\t<div class=\"elementor-widget-container\">\n\t\t\t\t\t\t\t\t\t<p style=\"text-align: center;\"><strong>Lic. Erika Guadalupe Palomares Cordero<\/strong><\/p><p style=\"text-align: center;\">Asesora Jur\u00eddica de la Defensor\u00eda P\u00fablica Electoral en la Atenci\u00f3n de Asuntos de Violencia en Raz\u00f3n de G\u00e9nero.<\/p>\t\t\t\t\t\t\t\t<\/div>\n\t\t\t\t<\/div>\n\t\t\t\t\t<\/div>\n\t\t<\/div>\n\t\t\t\t\t<\/div>\n\t\t<\/section>\n\t\t\t\t<section class=\"elementor-section elementor-top-section elementor-element elementor-element-3907e01 elementor-section-boxed elementor-section-height-default elementor-section-height-default\" data-id=\"3907e01\" data-element_type=\"section\">\n\t\t\t\t\t\t<div class=\"elementor-container elementor-column-gap-default\">\n\t\t\t\t\t<div class=\"elementor-column elementor-col-100 elementor-top-column elementor-element elementor-element-b3bfea6\" data-id=\"b3bfea6\" data-element_type=\"column\">\n\t\t\t<div class=\"elementor-widget-wrap elementor-element-populated\">\n\t\t\t\t\t\t<div class=\"elementor-element elementor-element-c3036e3 elementor-widget elementor-widget-accordion\" data-id=\"c3036e3\" data-element_type=\"widget\" data-widget_type=\"accordion.default\">\n\t\t\t\t<div class=\"elementor-widget-container\">\n\t\t\t\t\t\t\t<div class=\"elementor-accordion\">\n\t\t\t\t\t\t\t<div class=\"elementor-accordion-item\">\n\t\t\t\t\t<div id=\"elementor-tab-title-2041\" class=\"elementor-tab-title\" data-tab=\"1\" role=\"button\" aria-controls=\"elementor-tab-content-2041\" aria-expanded=\"false\">\n\t\t\t\t\t\t\t\t\t\t\t\t\t<span class=\"elementor-accordion-icon elementor-accordion-icon-left\" aria-hidden=\"true\">\n\t\t\t\t\t\t\t\t\t\t\t\t\t\t\t<span class=\"elementor-accordion-icon-closed\"><i class=\"fas fa-plus\"><\/i><\/span>\n\t\t\t\t\t\t\t\t<span class=\"elementor-accordion-icon-opened\"><i class=\"fas fa-minus\"><\/i><\/span>\n\t\t\t\t\t\t\t\t\t\t\t\t\t\t<\/span>\n\t\t\t\t\t\t\t\t\t\t\t\t<a class=\"elementor-accordion-title\" tabindex=\"0\">\u00bfQu\u00e9 es la Defensor\u00eda P\u00fablica?<\/a>\n\t\t\t\t\t<\/div>\n\t\t\t\t\t<div id=\"elementor-tab-content-2041\" class=\"elementor-tab-content elementor-clearfix\" data-tab=\"1\" role=\"region\" aria-labelledby=\"elementor-tab-title-2041\"><p><span class=\"fontstyle0\">En la Atenci\u00f3n de Asuntos de Violencia Pol\u00edtica en Raz\u00f3n de G\u00e9nero del Tribunal Electoral del Estado de Guerrero.<\/span><\/p><p><span class=\"fontstyle0\">En la Defensor\u00eda P\u00fablica Electoral sabemos que cada mujer enfrenta realidades distintas.<\/span><\/p><p><span class=\"fontstyle0\">Si te has sentido vulnerada, callada o limitada en tu participaci\u00f3n \u2014ya sea en la pol\u00edtica, en tu comunidad o en tu vida p\u00fablica \u2014 no est\u00e1s sola.<\/span><\/p><\/div>\n\t\t\t\t<\/div>\n\t\t\t\t\t\t\t<div class=\"elementor-accordion-item\">\n\t\t\t\t\t<div id=\"elementor-tab-title-2042\" class=\"elementor-tab-title\" data-tab=\"2\" role=\"button\" aria-controls=\"elementor-tab-content-2042\" aria-expanded=\"false\">\n\t\t\t\t\t\t\t\t\t\t\t\t\t<span class=\"elementor-accordion-icon elementor-accordion-icon-left\" aria-hidden=\"true\">\n\t\t\t\t\t\t\t\t\t\t\t\t\t\t\t<span class=\"elementor-accordion-icon-closed\"><i class=\"fas fa-plus\"><\/i><\/span>\n\t\t\t\t\t\t\t\t<span class=\"elementor-accordion-icon-opened\"><i class=\"fas fa-minus\"><\/i><\/span>\n\t\t\t\t\t\t\t\t\t\t\t\t\t\t<\/span>\n\t\t\t\t\t\t\t\t\t\t\t\t<a class=\"elementor-accordion-title\" tabindex=\"0\">Servicios<\/a>\n\t\t\t\t\t<\/div>\n\t\t\t\t\t<div id=\"elementor-tab-content-2042\" class=\"elementor-tab-content elementor-clearfix\" data-tab=\"2\" role=\"region\" aria-labelledby=\"elementor-tab-title-2042\"><p><span class=\"fontstyle0\"><strong>Representaci\u00f3n Jur\u00eddica:<\/strong>\u00a0consiste en la procuraci\u00f3n y\/o mandato de defensa de los derechos pol\u00edtico-electorales de las mujeres que han sufrido violencia pol\u00edtica en raz\u00f3n de g\u00e9nero.<br \/><\/span><\/p><p><span class=\"fontstyle0\"><strong>Asesor\u00eda Jur\u00eddica:<\/strong>\u00a0\u00a0consiste en la orientaci\u00f3n t\u00e9cnica sobre la naturaleza, contenido y alcances de los derechos pol\u00edtico-electorales constitucionales, convencionales y legales, establecidos en favor de las mujeres que han sufrido en violencia pol\u00edtica en raz\u00f3n de g\u00e9nero.<br \/><\/span><\/p><p><span class=\"fontstyle0\"><strong>Orientaci\u00f3n:<\/strong>\u00a0consiste en informar, guiar y canalizar a las mujeres que han sufrido violencia pol\u00edtica en raz\u00f3n de g\u00e9nero, a la instancia correspondiente, en aquellas consultas que no se encuentren en el \u00e1mbito de competencia electoral, a fin de garantizarles una tutela<br \/>judicial efectiva.<\/span><\/p><\/div>\n\t\t\t\t<\/div>\n\t\t\t\t\t\t\t<div class=\"elementor-accordion-item\">\n\t\t\t\t\t<div id=\"elementor-tab-title-2043\" class=\"elementor-tab-title\" data-tab=\"3\" role=\"button\" aria-controls=\"elementor-tab-content-2043\" aria-expanded=\"false\">\n\t\t\t\t\t\t\t\t\t\t\t\t\t<span class=\"elementor-accordion-icon elementor-accordion-icon-left\" aria-hidden=\"true\">\n\t\t\t\t\t\t\t\t\t\t\t\t\t\t\t<span class=\"elementor-accordion-icon-closed\"><i class=\"fas fa-plus\"><\/i><\/span>\n\t\t\t\t\t\t\t\t<span class=\"elementor-accordion-icon-opened\"><i class=\"fas fa-minus\"><\/i><\/span>\n\t\t\t\t\t\t\t\t\t\t\t\t\t\t<\/span>\n\t\t\t\t\t\t\t\t\t\t\t\t<a class=\"elementor-accordion-title\" tabindex=\"0\">M\u00e1s Informaci\u00f3n<\/a>\n\t\t\t\t\t<\/div>\n\t\t\t\t\t<div id=\"elementor-tab-content-2043\" class=\"elementor-tab-content elementor-clearfix\" data-tab=\"3\" role=\"region\" aria-labelledby=\"elementor-tab-title-2043\"><p>Acuerdo\u00a0\u00a0<a href=\"https:\/\/teegro.gob.mx\/sitio2023\/wp-content\/uploads\/2025\/02\/Acuerdo-04.pdf\"><img decoding=\"async\" class=\"alignnone wp-image-9665\" src=\"https:\/\/teegro.gob.mx\/sitio2023\/wp-content\/uploads\/2023\/04\/pdf150x150-2.png\" alt=\"\" width=\"30\" height=\"30\" \/><\/a><\/p><p>Tr\u00edptico\u00a0\u00a0<a href=\"https:\/\/teegro.gob.mx\/sitio2023\/wp-content\/uploads\/2025\/09\/TripticoDPE.pdf\"><img decoding=\"async\" class=\"alignnone wp-image-9665\" src=\"https:\/\/teegro.gob.mx\/sitio2023\/wp-content\/uploads\/2023\/04\/pdf150x150-2.png\" alt=\"\" width=\"30\" height=\"30\" \/><\/a><\/p><p><strong>Tel\u00e9fono:<\/strong>\u00a0747 4713838 Ext. 129<\/p><p><strong>Contacto:<\/strong>\u00a0defensoria@teegro.gob.mx<\/p><\/div>\n\t\t\t\t<\/div>\n\t\t\t\t\t\t\t\t<\/div>\n\t\t\t\t\t\t<\/div>\n\t\t\t\t<\/div>\n\t\t\t\t\t<\/div>\n\t\t<\/div>\n\t\t\t\t\t<\/div>\n\t\t<\/section>\n\t\t\t\t<\/div>\n\t\t","protected":false},"excerpt":{"rendered":"<p>Lic. Ver\u00f3nica Montoya Gardu\u00f1o Titular de la Defensor\u00eda P\u00fablica Electoral en la Atenci\u00f3n de Asuntos de Violencia en Raz\u00f3n de G\u00e9nero. Lic. Erika Guadalupe Palomares Cordero Asesora Jur\u00eddica de la Defensor\u00eda P\u00fablica Electoral en la Atenci\u00f3n de Asuntos de Violencia en Raz\u00f3n de G\u00e9nero. \u00bfQu\u00e9 es la Defensor\u00eda P\u00fablica? En la Atenci\u00f3n de Asuntos de [&hellip;]<\/p>\n","protected":false},"author":1,"featured_media":0,"parent":0,"menu_order":0,"comment_status":"closed","ping_status":"closed","template":"","meta":{"_acf_changed":false,"footnotes":""},"class_list":["post-18983","page","type-page","status-publish","hentry"],"acf":[],"_links":{"self":[{"href":"https:\/\/teegro.gob.mx\/sitio2025\/wp-json\/wp\/v2\/pages\/18983","targetHints":{"allow":["GET"]}}],"collection":[{"href":"https:\/\/teegro.gob.mx\/sitio2025\/wp-json\/wp\/v2\/pages"}],"about":[{"href":"https:\/\/teegro.gob.mx\/sitio2025\/wp-json\/wp\/v2\/types\/page"}],"author":[{"embeddable":true,"href":"https:\/\/teegro.gob.mx\/sitio2025\/wp-json\/wp\/v2\/users\/1"}],"replies":[{"embeddable":true,"href":"https:\/\/teegro.gob.mx\/sitio2025\/wp-json\/wp\/v2\/comments?post=18983"}],"version-history":[{"count":23,"href":"https:\/\/teegro.gob.mx\/sitio2025\/wp-json\/wp\/v2\/pages\/18983\/revisions"}],"predecessor-version":[{"id":19010,"href":"https:\/\/teegro.gob.mx\/sitio2025\/wp-json\/wp\/v2\/pages\/18983\/revisions\/19010"}],"wp:attachment":[{"href":"https:\/\/teegro.gob.mx\/sitio2025\/wp-json\/wp\/v2\/media?parent=18983"}],"curies":[{"name":"wp","href":"https:\/\/api.w.org\/{rel}","templated":true}]}}